-8*z + 25 = -3*z. Suppose -a - 28 = -z*f, -4*a = -a - 6. What is the remainder when f is divided by n?
2
Suppose 3*g + 2*g = 140. Suppose 0*m - 2*m = 16. What is the remainder when g is divided by 2/m + (-183)/(-12)?
13
Let t = -19 + 6. Let z(l) = l**3 + 13*l**2 + 2. What is the remainder when 8 is divided by z(t)?
0
Let r be 10*(0 - 4/(-5)). Suppose -v + 0*v + r = 0. Calculate the remainder when v is divided by 18/(-63) + (-2)/28*-46.
2
Suppose 0 = -4*a - 18 + 122. Calculate the remainder when 49 is divided by a.
23
What is the remainder when 66 is divided by 6/(-27) + 310/18?
15
Let s(d) = -d**2 - 3*d - 2. Let j be s(-2). Suppose j = 4*m - 2*m - 68. What is the remainder when m is divided by 16 - (2 + 0) - 2?
10
Let n(g) = 1 - 2*g - g - 2*g. What is the remainder when 22 is divided by n(-1)?
4
Let r be (20/(-8) - -4)*26. Suppose r - 6 = 3*b. Calculate the remainder when b is divided by 7.
4
Let g be 9 + (3 - (1 + -1)). Let w = g - 1. Let l = 2 - -4. Calculate the remainder when w is divided by l.
5
Suppose 41 = 3*d + 11. Let z = -27 + 53. What is the remainder when z is divided by d?
6
Suppose -3*s = s - 400. Suppose 0 = -3*w - 2*w + s. What is the remainder when w is divided by 7?
6
Suppose -1 = 2*p - 9. Suppose 12 = -7*b + p*b. Let s(h) = -3*h - 4. What is the remainder when s(b) is divided by 5?
3
Let r = 168 - 116. Let p = r + -31. Calculate the remainder when p is divided by 8.
5
Suppose a - 3 = 2. Suppose 2*q - 4 = -d, d - a*q - 26 = -1. What is the remainder when d is divided by 3?
1
Suppose 0 = 4*f - 5*f + i + 8, 5*f - 19 = -2*i. Let g(s) = -3*s + 47. Calculate the remainder when g(11) is divided by f.
4
Let c(r) = -3 + 23*r + 3*r - 2 + 4. What is the remainder when c(1) is divided by 14?
11
Suppose 0 = -u - 11 + 24. Suppose -w = -4*w - 6. Let i = 27 + w. What is the remainder when i is divided by u?
12
Calculate the remainder when 60 is divided by 184/12 + (-6)/(-9).
12
Calculate the remainder when 62/(-4 - (-5 + -1)) is divided by 16.
15
Suppose -3*q - 2 = -4*q. Suppose -133 = -5*l + q*j, 3*j - 24 - 6 = -l. Calculate the remainder when 106 is divided by l.
25
Let k(j) = j**3 - 6*j**2 + 8*j - 7. Let g be k(5). Suppose 4*s = 24 - g. Calculate the remainder when 6 is divided by s.
2
Suppose 3 = -0*o + 3*o. Let y be (-2)/o - (1 - 15). Let w = -5 + y. Calculate the remainder when 20 is divided by w.
6
Let j = 4 + -10. Let o = 5 - j. Let r = -16 + 48. Calculate the remainder when r is divided by o.
10
Let c = 3 - -16. What is the remainder when c is divided by 3/(-6) + 42/4?
9
What is the remainder when 48 is divided by ((-6)/4)/(45/(-600))?
8
Let t = -20 - -34. What is the remainder when t is divided by 5?
4
Let y(m) = m + 10. Let i be y(10). Suppose 0 = -3*o + i + 202. Calculate the remainder when o is divided by 19.
17
Suppose 0 = 4*x - 455 + 75. Calculate the remainder when x is divided by 16.
15
Let q(a) = -24*a + 2. What is the remainder when q(-1) is divided by 18?
8
Let g be 1*(1 - -2)/(-3). Let w be (g/(-2))/((-5)/(-40)). Suppose -w*v + 156 = 48. Calculate the remainder when v is divided by 14.
13
Suppose 5*b = 5*t - 305, -19 + 4 = 5*b. Suppose h - 5*h = 0. Suppose 2*y = -2, h = 4*g + 2*y - 31 - 27. What is the remainder when t is divided by g?
13
Let v be (-20)/(-1) + 2/(-1). Let x = 40 - v. What is the remainder when x is divided by 6?
4
Let x = -56 + 191. Calculate the remainder when x is divided by 17.
16
Suppose -8 = -i - 3*i. Let m(p) = 0*p**2 + 5*p + 2*p**2 - p**2 + 2. What is the remainder when i is divided by m(-5)?
0
Let j = -5 - -8. Suppose -5*g = 4*k - 7*g + 150, 0 = -3*k + j*g - 105. Let u = k - -72. What is the remainder when u is divided by 11?
10
Let j(s) = 2*s - 1. Let v(d) = d. Let n(m) = 2*j(m) - 3*v(m). Let t be n(1). Let h = 4 + t. Calculate the remainder when 6 is divided by h.
0
Let a(p) = 3*p**3 - 4*p**2 + p + 6. Let d(x) = 4*x**3 - 3*x**2 + x + 6. Let n(h) = -5*a(h) + 4*d(h). Calculate the remainder when 5 is divided by n(-8).
1
Let r be (-18)/(2/(-1)) + -1. Let g = 54 - r. What is the remainder when g is divided by 12?
10
Let l(b) = -13 + 6*b**2 + 8*b**2 - b**3 - 5*b**2 + 4*b. Calculate the remainder when l(9) is divided by 12.
11
Suppose 2*m + 250 = 7*m. What is the remainder when m is divided by 14?
8
Let m(q) = -22*q. Calculate the remainder when m(-3) is divided by 23.
20
Let t(u) = -14*u - 3. Calculate the remainder when t(-3) is divided by 10.
9
Let q(n) = -n**3 + 8*n**2 + n - 2. Let h be q(8). Suppose -h + 101 = 5*a. Calculate the remainder when a is divided by 11.
8
Suppose 0 = a + n - 13, -n = 2*n + 3. Calculate the remainder when 27 is divided by a.
13
Let w(n) = -14*n + 3*n - 12*n + 4*n. Calculate the remainder when w(-2) is divided by 20.
18
Suppose -58 = -2*n - 12. Suppose 4*u - 2*k - 18 = 0, 4*k - 11 = -2*u + 3. Suppose u*g = 18 + 42. Calculate the remainder when n is divided by g.
11
Let w be 17 + (-1)/(-3)*3. Suppose 4*b + 0*k = 5*k + 4, 5*b - 3*k = w. What is the remainder when 22 is divided by b?
4
Suppose 3*y + y = 56. Calculate the remainder when 150 is divided by y.
10
Suppose 2*l - 18 = -j + l, 5*j - 98 = -l. What is the remainder when 37 is divided by j?
17
Let q(s) = -4*s - s**3 + 1 + 2*s**3 + 5*s**2 + 7*s. Let c be q(-4). Suppose c*t - 22 = 13. What is the remainder when 12 is divided by t?
5
Suppose -2*u - 5*t = -39, 9*u = 6*u - t + 52. What is the remainder when 25 is divided by u?
8
Let k = -35 + 54. Calculate the remainder when 37 is divided by k.
18
Let w(i) = i**2 - 2*i - 6. Let y be w(4). Suppose y*j = r + 4*j - 47, -5*r + 2*j = -223. Calculate the remainder when r is divided by 12.
9
Let h(j) = -j**3 + 5*j**2 + 2*j + 6. Calculate the remainder when 116 is divided by h(3).
26
Let a(h) = 32*h + 40. Let l(g) = g + 1. Let p(m) = a(m) - 40*l(m). Let s(j) = j + 10. Calculate the remainder when p(-4) is divided by s(1).
10
Let c = 7 + -2. Let o = c + -1. What is the remainder when 5 is divided by o?
1
Suppose -5*v = -5*o - 25, -2*v + 4*o = v - 11. What is the remainder when -2 + 38/(-4)*-2 is divided by v?
8
Let c(g) = -g**3 - 4*g**2 - 4*g - 4. Suppose -5*a - 3*x = -x + 30, 2*x = -a - 14. What is the remainder when c(a) is divided by 7?
5
Let t = -12 - -9. Let s = t + -11. Let q = s - -34. What is the remainder when 39 is divided by q?
19
Let d(y) = 2*y**3 + y - 2*y + y**2 + 3*y**2 - 3*y**3. Let c = 7 - 4. Calculate the remainder when 10 is divided by d(c).
4
Let w(r) = -9*r**2 - r. Let k be w(-1). Calculate the remainder when 59 is divided by (-15)/6*k*1.
19
Let m(f) = -14*f + 11. Calculate the remainder when m(-9) is divided by 18.
11
Let w(l) = -l**3 - 5*l**2 + 4. Let i be w(-5). Let x(c) = -c**2 + 10*c. What is the remainder when x(8) is divided by (-6)/i + (-75)/(-10)?
4
Let o(y) = -14*y - 3 + 5 - 1. What is the remainder when o(-2) is divided by 15?
14
Let x be (-3)/(-21) - (-97)/7. Suppose o + x = -2*q, -13 - 9 = 4*q - o. Let y = 19 + q. What is the remainder when y is divided by 7?
6
Let d = 7 - -9. Let o(j) = -j**3 + 7*j**2 + 8*j + 7. Let w be o(8). Suppose -52 = -5*n - w. What is the remainder when d is divided by n?
7
Let s(n) = -n**2 + 7*n - 5. Let i be s(5). Let m(h) = h**2 + 7*h - 2. Let b be m(-7). Calculate the remainder when (i/10)/(b/(-200)) is divided by 17.
16
Suppose -x = -38 - 24. What is the remainder when x is divided by 21?
20
Suppose -68 = -4*w + 5*q - 3*q, 0 = -4*w + 3*q + 66. Calculate the remainder when 35 is divided by w.
17
Suppose 3*s - 4*a = 2*s + 96, -51 = -s - 5*a. Calculate the remainder when s is divided by 13.
11
Suppose 3*w = w + 94. Let y = 71 - w. What is the remainder when 46 is divided by y?
22
Suppose -4*k + 0*b = -b - 3, -5*k + 3 = -2*b. What is the remainder when 20 is divided by 15/2 + k/(-2)?
6
Let k(x) = -x - 3. What is the remainder when 6 is divided by k(-4)?
0
Calculate the remainder when 50 is divided by ((-52)/(-8))/(1/2).
11
Let a be 0*(3 + 24/(-9)). Suppose 0 = -a*f + 3*f - 30. Calculate the remainder when 38 is divided by f.
8
Let r = -68 + 164. What is the remainder when r is divided by 20?
16
Let q(w) = -5*w**3 + w**2. Let j(v) = 2*v**2 + 7*v + 2. Calculate the remainder when j(-5) is divided by q(-1).
5
Suppose 0 = -2*x + 3*x + 23. Let q = x + 33. Suppose -9 = -3*u + 45. What is the remainder when u is divided by 